{"id":338,"date":"2020-12-07T10:22:40","date_gmt":"2020-12-07T09:22:40","guid":{"rendered":"https:\/\/machina.l3s.uni-hannover.de\/index.php\/home-3\/"},"modified":"2022-10-12T15:00:40","modified_gmt":"2022-10-12T14:00:40","slug":"home-fr","status":"publish","type":"page","link":"https:\/\/machina.univ-lyon1.fr\/index.php\/fr\/home-fr\/","title":{"rendered":""},"content":{"rendered":"\n<div class=\"wp-block-cover aligncenter has-background-dim-70 has-background-dim\" style=\"background-image:url(https:\/\/machina.l3s.uni-hannover.de\/wp-content\/uploads\/2020\/11\/AdobeStock_258871009-scaled.jpeg);background-color:#02070f;min-height:523px;background-position:47% 53%\"><div class=\"wp-block-cover__inner-container\">\n<h1 class=\"has-text-align-center\" style=\"font-size:58px\">MACHINA<\/h1>\n\n\n\n<p class=\"has-text-align-center\" style=\"font-size:33px\"> Machine Learning skills for ICT professionals<\/p>\n\n\n\n<p class=\"has-text-align-center\" style=\"font-size:24px\">Machina vise \u00e0 am\u00e9liorer l\u2019enseignement et la formation professionnelle des sp\u00e9cialistes des TIC dans le domaine de l\u2019apprentissage automatique.<\/p>\n<\/div><\/div>\n\n\n\n<div style=\"height:32px\" aria-hidden=\"true\" class=\"wp-block-spacer\"><\/div>\n\n\n\n<figure class=\"wp-block-embed is-type-video is-provider-youtube wp-block-embed-youtube\"><div class=\"wp-block-embed__wrapper\">\n<div class=\"jetpack-video-wrapper\"><iframe title=\"An introduction to MACHINA and ML\" width=\"685\" height=\"385\" src=\"https:\/\/www.youtube.com\/embed\/Ur8VPczJx3A?start=100&#038;feature=oembed\" frameborder=\"0\" allow=\"accelerometer; autoplay; clipboard-write; encrypted-media; gyroscope; picture-in-picture\" allowfullscreen><\/iframe><\/div>\n<\/div><\/figure>\n\n\n\n<div style=\"height:32px\" aria-hidden=\"true\" class=\"wp-block-spacer\"><\/div>\n\n\n\n<h2 class=\"has-text-align-left has-text-color\" style=\"color:#1f1e56\"><span class=\"uppercase\"><span style=\"color:#1f1e56;\" class=\"has-inline-color\">A PROPOS DE NOTRE PROJET <\/span><\/span><\/h2>\n\n\n\n<p class=\"has-normal-font-size\">L\u2019apprentissage automatique est un champ d\u2019\u00e9tudes de l\u2019Intelligence Artificielle qui a pris une place importante dans diverses r\u00e9alit\u00e9s \u00e9conomiques et sociales. Il est devenu la base d\u2019une s\u00e9rie de d\u00e9veloppements technologiques tels que le syst\u00e8me de traduction automatique, l\u2019analyse d\u2019images m\u00e9dicales et les assistants virtuels.<\/p>\n\n\n\n<p class=\"has-normal-font-size\">L\u2019apprentissage automatique est n\u00e9 de la reconnaissance de formes, mais a \u00e9volu\u00e9 pour se r\u00e9f\u00e9rer \u00e0 l\u2019utilisation de donn\u00e9es et d\u2019algorithmes d\u2019apprentissage pour produire des mod\u00e8les, pr\u00e9dire des r\u00e9sultats et prendre des d\u00e9cisions avec le minimum d\u2019intervention humaine. La rapide expansion de l\u2019apprentissage automatique, en particulier dans les industries ax\u00e9es sur les donn\u00e9es (secteur bancaire, vente au d\u00e9tail) acc\u00e9l\u00e8re la demande de travailleurs TIC qualifi\u00e9s dans l\u2019Union Europ\u00e9enne. Cependant si la demande de travailleurs sp\u00e9cialis\u00e9s dans les TIC est particuli\u00e8rement \u00e9lev\u00e9e, l\u2019offre en elle-m\u00eame est s\u00e9v\u00e8rement en retard. <\/p>\n\n\n\n<p class=\"has-normal-font-size\">MACHINA est un projet Erasmus+ KA2, qui vise \u00e0 r\u00e9duire un d\u00e9ficit de comp\u00e9tences en mati\u00e8re d\u2019apprentissage automatique en augmentant la pertinence de l\u2019offre de formation professionnelle initiale et continue. Ce projet souhaite garantir que la main d\u2019\u0153uvre existante et future dans le domaine des TIC disposera des comp\u00e9tences sp\u00e9cifiques et des aptitudes transversales pour r\u00e9pondre aux exigences du march\u00e9 du travail et r\u00e9ussir dans un domaine comp\u00e9titif et en plein essor. Le projet mettra \u00e9galement \u00e0 disposition du mat\u00e9riel p\u00e9dagogique transnational sous la forme de Ressources Educatives Libres (REL), afin d\u2019assurer une large adoption et un soutien \u00e0 la formation professionnelle de mani\u00e8re rentable et flexible.<\/p>\n\n\n\n<div style=\"height:25px\" aria-hidden=\"true\" class=\"wp-block-spacer\"><\/div>\n\n\n\n<div class=\"wp-block-columns\">\n<div class=\"wp-block-column\">\n<div class=\"wp-block-image\"><figure class=\"aligncenter size-large is-resized\"><img loading=\"lazy\" src=\"https:\/\/machina.univ-lyon1.fr\/wordpress\/wp-content\/uploads\/2021\/01\/GRANT-new-2.png\" alt=\"\" class=\"wp-image-757\" width=\"311\" height=\"261\" srcset=\"https:\/\/machina.univ-lyon1.fr\/wp-content\/uploads\/2021\/01\/GRANT-new-2.png 940w, https:\/\/machina.univ-lyon1.fr\/wp-content\/uploads\/2021\/01\/GRANT-new-2-300x251.png 300w, https:\/\/machina.univ-lyon1.fr\/wp-content\/uploads\/2021\/01\/GRANT-new-2-768x644.png 768w, https:\/\/machina.univ-lyon1.fr\/wp-content\/uploads\/2021\/01\/GRANT-new-2-685x574.png 685w\" sizes=\"(max-width: 311px) 100vw, 311px\" \/><\/figure><\/div>\n<\/div>\n\n\n\n<div class=\"wp-block-column\">\n<div class=\"wp-block-image\"><figure class=\"aligncenter size-large is-resized\"><img loading=\"lazy\" src=\"https:\/\/machina.univ-lyon1.fr\/wordpress\/wp-content\/uploads\/2021\/01\/DURATION-FR.png\" alt=\"\" class=\"wp-image-759\" width=\"311\" height=\"261\" srcset=\"https:\/\/machina.univ-lyon1.fr\/wp-content\/uploads\/2021\/01\/DURATION-FR.png 940w, https:\/\/machina.univ-lyon1.fr\/wp-content\/uploads\/2021\/01\/DURATION-FR-300x251.png 300w, https:\/\/machina.univ-lyon1.fr\/wp-content\/uploads\/2021\/01\/DURATION-FR-768x644.png 768w, https:\/\/machina.univ-lyon1.fr\/wp-content\/uploads\/2021\/01\/DURATION-FR-685x574.png 685w\" sizes=\"(max-width: 311px) 100vw, 311px\" \/><\/figure><\/div>\n<\/div>\n<\/div>\n\n\n\n<div style=\"height:30px\" aria-hidden=\"true\" class=\"wp-block-spacer desktop-only\"><\/div>\n\n\n\n<hr class=\"wp-block-separator has-text-color has-background has-medium-gray-background-color has-medium-gray-color is-style-wide\"\/>\n\n\n\n<h2 class=\"has-text-align-left has-text-color\" style=\"color:#1f1e56\"><span class=\"uppercase\"><span style=\"color:#1f1e56;\" class=\"has-inline-color\"><strong>LES OBJECTIFS DE MACHINA<\/strong><\/span><\/span><\/h2>\n\n\n\n<p class=\"has-normal-font-size\">\u2022 Cr\u00e9er un programme commun de formation professionnelle en apprentissage automatique<strong>, <\/strong>dans le but de doter les travailleurs qualifi\u00e9s dans le domaine des TIC de comp\u00e9tences techniques et non-techniques.<\/p>\n\n\n\n<p class=\"has-normal-font-size\">\u2022 Introduire des m\u00e9thodes de formation flexibles et des ressources p\u00e9dagogiques innovantes pour soutenir la formation professionnelle et l\u2019acquisition de connaissances en apprentissage automatique.<\/p>\n\n\n\n<p class=\"has-normal-font-size\">\u2022 Favoriser la reconnaissances et l\u2019int\u00e9gration des besoins en termes de savoir-faire, en mati\u00e8re d\u2019apprentissage automatique, dans les cadres des comp\u00e9tences sectorielles et des sch\u00e9mas de certification.<\/p>\n\n\n\n<p class=\"has-normal-font-size\">\u2022 Am\u00e9liorer le march\u00e9 de l\u2019emploi en apprentissage automatique au niveau Europ\u00e9en.<\/p>\n\n\n\n<div style=\"height:44px\" aria-hidden=\"true\" class=\"wp-block-spacer desktop-only\"><\/div>\n\n\n\n<hr class=\"wp-block-separator has-text-color has-background has-medium-gray-background-color has-medium-gray-color is-style-wide\"\/>\n\n\n\n<h2 class=\"has-text-align-left has-text-color\" style=\"color:#1f1e56\"><span class=\"uppercase\"><span style=\"color:#1f1e56;\" class=\"has-inline-color\"><strong>GROUPES CIBLES<\/strong><\/span><\/span><\/h2>\n\n\n\n<p class=\"has-normal-font-size\">\u2022 Organismes de formation<\/p>\n\n\n\n<p class=\"has-normal-font-size\">\u2022 Employ\u00e9s du secteur des TIC recherchant une formation continue<\/p>\n\n\n\n<p class=\"has-normal-font-size\">\u2022 Etudiants en formation initiale professionnelle<\/p>\n\n\n\n<p class=\"has-normal-font-size\">\u2022 Repr\u00e9sentants du secteur et partenaires sociaux<\/p>\n\n\n\n<p class=\"has-normal-font-size\">\u2022&nbsp;Autorit\u00e9s \u00e9ducatives publiques et d\u2019accr\u00e9ditation <\/p>\n\n\n\n<div style=\"height:45px\" aria-hidden=\"true\" class=\"wp-block-spacer desktop-only\"><\/div>\n\n\n\n<hr class=\"wp-block-separator has-text-color has-background has-medium-gray-background-color has-medium-gray-color is-style-wide\"\/>\n\n\n\n<h2 class=\"has-text-color\" style=\"color:#040833\"><span style=\"color:#1f1e56;\" class=\"has-inline-color\">NOS PARTENAIRES<\/span><\/h2>\n\n\n\n<p>                                                                         <\/p>\n\n\n\n<div class=\"wp-block-columns\">\n<div class=\"wp-block-column\">\n<div class=\"wp-block-image\"><figure class=\"aligncenter size-large is-resized\"><a href=\"https:\/\/www.univ-lyon1.fr\/\"><img loading=\"lazy\" src=\"https:\/\/machina.l3s.uni-hannover.de\/wp-content\/uploads\/2020\/12\/1200px-Claude_Bernard_University_Lyon_1_logo.svg_-1024x743.png\" alt=\"\" class=\"wp-image-245\" width=\"180\" height=\"135\"\/><\/a><\/figure><\/div>\n<\/div>\n\n\n\n<div class=\"wp-block-column\">\n<div class=\"wp-block-image\"><figure class=\"aligncenter size-large is-resized\"><a href=\"https:\/\/www.l3s.de\/en\"><img loading=\"lazy\" src=\"https:\/\/machina.l3s.uni-hannover.de\/wp-content\/uploads\/2020\/11\/template-1024x538.png\" alt=\"\" class=\"wp-image-56\" width=\"298\" height=\"172\"\/><\/a><\/figure><\/div>\n\n\n\n<p><\/p>\n<\/div>\n<\/div>\n\n\n\n<div class=\"wp-block-columns are-vertically-aligned-center\">\n<div class=\"wp-block-column is-vertically-aligned-center\">\n<div class=\"wp-block-image\"><figure class=\"aligncenter size-large is-resized\"><a href=\"https:\/\/www.geeksacademy.it\/en-en\/index.aspx\"><img loading=\"lazy\" src=\"https:\/\/machina.univ-lyon1.fr\/wordpress\/wp-content\/uploads\/2021\/01\/ACADEMA-2.png\" alt=\"\" class=\"wp-image-761\" width=\"211\" height=\"47\" srcset=\"https:\/\/machina.univ-lyon1.fr\/wp-content\/uploads\/2021\/01\/ACADEMA-2.png 358w, https:\/\/machina.univ-lyon1.fr\/wp-content\/uploads\/2021\/01\/ACADEMA-2-300x65.png 300w, https:\/\/machina.univ-lyon1.fr\/wp-content\/uploads\/2021\/01\/ACADEMA-2-342x78.png 342w\" sizes=\"(max-width: 211px) 100vw, 211px\" \/><\/a><\/figure><\/div>\n<\/div>\n\n\n\n<div class=\"wp-block-column is-vertically-aligned-center\">\n<div class=\"wp-block-image\"><figure class=\"aligncenter size-large is-resized\"><a href=\"https:\/\/exelia.gr\/\"><img loading=\"lazy\" src=\"https:\/\/machina.univ-lyon1.fr\/wordpress\/wp-content\/uploads\/2021\/01\/EXELIA_LOGO_new-2.jpg\" alt=\"\" class=\"wp-image-765\" width=\"181\" height=\"58\" srcset=\"https:\/\/machina.univ-lyon1.fr\/wp-content\/uploads\/2021\/01\/EXELIA_LOGO_new-2.jpg 448w, https:\/\/machina.univ-lyon1.fr\/wp-content\/uploads\/2021\/01\/EXELIA_LOGO_new-2-300x97.jpg 300w\" sizes=\"(max-width: 181px) 100vw, 181px\" \/><\/a><\/figure><\/div>\n<\/div>\n\n\n\n<div class=\"wp-block-column is-vertically-aligned-center\">\n<div class=\"wp-block-image\"><figure class=\"aligncenter size-large is-resized\"><a href=\"https:\/\/www.edu.ro\/ANC\"><img loading=\"lazy\" src=\"https:\/\/machina.univ-lyon1.fr\/wordpress\/wp-content\/uploads\/2021\/01\/anc-2.png\" alt=\"\" class=\"wp-image-767\" width=\"199\" height=\"95\" srcset=\"https:\/\/machina.univ-lyon1.fr\/wp-content\/uploads\/2021\/01\/anc-2.png 316w, https:\/\/machina.univ-lyon1.fr\/wp-content\/uploads\/2021\/01\/anc-2-300x143.png 300w\" sizes=\"(max-width: 199px) 100vw, 199px\" \/><\/a><\/figure><\/div>\n<\/div>\n<\/div>\n\n\n\n<div style=\"height:45px\" aria-hidden=\"true\" class=\"wp-block-spacer desktop-only\"><\/div>\n\n\n\n<hr class=\"wp-block-separator is-style-wide\"\/>\n\n\n\n<div class=\"wp-block-image\"><figure class=\"aligncenter size-large is-resized\"><img loading=\"lazy\" src=\"https:\/\/machina.univ-lyon1.fr\/wordpress\/wp-content\/uploads\/2021\/01\/Erasmus_Logo-svg-3.png\" alt=\"\" class=\"wp-image-787\" width=\"289\" height=\"83\" srcset=\"https:\/\/machina.univ-lyon1.fr\/wp-content\/uploads\/2021\/01\/Erasmus_Logo-svg-3.png 313w, https:\/\/machina.univ-lyon1.fr\/wp-content\/uploads\/2021\/01\/Erasmus_Logo-svg-3-300x86.png 300w\" sizes=\"(max-width: 289px) 100vw, 289px\" \/><\/figure><\/div>\n\n\n\n<p class=\"has-normal-font-size\">Le soutien de la <strong>Commission Europ\u00e9enne<\/strong> dans la production de cette publication ne constitue pas une approbation du contenu, qui refl\u00e8te la vue des auteurs, et la Commission ne peut pas \u00eatre tenue responsable de l\u2019usage qui pourrait \u00eatre fait des informations qui y sont contenues.<\/p>\n\n\n\n<div style=\"height:45px\" aria-hidden=\"true\" class=\"wp-block-spacer desktop-only\"><\/div>\n\n\n\n<p><\/p>\n","protected":false},"excerpt":{"rendered":"<p>A PROPOS DE NOTRE PROJET L\u2019apprentissage automatique est un champ d\u2019\u00e9tudes de l\u2019Intelligence Artificielle qui a pris une place importante dans diverses r\u00e9alit\u00e9s \u00e9conomiques et sociales. Il est devenu la base d\u2019une s\u00e9rie de d\u00e9veloppements technologiques tels que le syst\u00e8me de traduction automatique, l\u2019analyse d\u2019images m\u00e9dicales et les assistants virtuels. L\u2019apprentissage automatique est n\u00e9 de &hellip; <a href=\"https:\/\/machina.univ-lyon1.fr\/index.php\/fr\/home-fr\/\" class=\"more-link\">Continue reading <span class=\"screen-reader-text\"><\/span><\/a><\/p>\n","protected":false},"author":5,"featured_media":0,"parent":0,"menu_order":0,"comment_status":"closed","ping_status":"closed","template":"","meta":{"_monsterinsights_skip_tracking":false,"_monsterinsights_sitenote_active":false,"_monsterinsights_sitenote_note":"","_monsterinsights_sitenote_category":0,"spay_email":""},"_links":{"self":[{"href":"https:\/\/machina.univ-lyon1.fr\/index.php\/wp-json\/wp\/v2\/pages\/338"}],"collection":[{"href":"https:\/\/machina.univ-lyon1.fr\/index.php\/wp-json\/wp\/v2\/pages"}],"about":[{"href":"https:\/\/machina.univ-lyon1.fr\/index.php\/wp-json\/wp\/v2\/types\/page"}],"author":[{"embeddable":true,"href":"https:\/\/machina.univ-lyon1.fr\/index.php\/wp-json\/wp\/v2\/users\/5"}],"replies":[{"embeddable":true,"href":"https:\/\/machina.univ-lyon1.fr\/index.php\/wp-json\/wp\/v2\/comments?post=338"}],"version-history":[{"count":13,"href":"https:\/\/machina.univ-lyon1.fr\/index.php\/wp-json\/wp\/v2\/pages\/338\/revisions"}],"predecessor-version":[{"id":2041,"href":"https:\/\/machina.univ-lyon1.fr\/index.php\/wp-json\/wp\/v2\/pages\/338\/revisions\/2041"}],"wp:attachment":[{"href":"https:\/\/machina.univ-lyon1.fr\/index.php\/wp-json\/wp\/v2\/media?parent=338"}],"curies":[{"name":"wp","href":"https:\/\/api.w.org\/{rel}","templated":true}]}}