{"id":420,"date":"2020-12-07T15:32:25","date_gmt":"2020-12-07T14:32:25","guid":{"rendered":"https:\/\/machina.l3s.uni-hannover.de\/?page_id=420"},"modified":"2021-01-28T15:17:24","modified_gmt":"2021-01-28T14:17:24","slug":"partnership-fr","status":"publish","type":"page","link":"https:\/\/machina.univ-lyon1.fr\/index.php\/fr\/partnership-fr\/","title":{"rendered":"Partenariat"},"content":{"rendered":"\n<div style=\"height:80px\" aria-hidden=\"true\" class=\"wp-block-spacer desktop-only\"><\/div>\n\n\n\n<div class=\"wp-block-media-text alignwide is-stacked-on-mobile is-vertically-aligned-center\" style=\"grid-template-columns:30% auto\"><figure class=\"wp-block-media-text__media\"><a href=\"https:\/\/www.univ-lyon1.fr\/\"><img loading=\"lazy\" width=\"300\" height=\"218\" src=\"https:\/\/machina.univ-lyon1.fr\/wordpress\/wp-content\/uploads\/2021\/01\/1200px-Claude_Bernard_University_Lyon_1_logo.svg_-3-300x218.png\" alt=\"\" class=\"wp-image-949 size-medium\" srcset=\"https:\/\/machina.univ-lyon1.fr\/wp-content\/uploads\/2021\/01\/1200px-Claude_Bernard_University_Lyon_1_logo.svg_-3-300x218.png 300w, https:\/\/machina.univ-lyon1.fr\/wp-content\/uploads\/2021\/01\/1200px-Claude_Bernard_University_Lyon_1_logo.svg_-3-1024x743.png 1024w, https:\/\/machina.univ-lyon1.fr\/wp-content\/uploads\/2021\/01\/1200px-Claude_Bernard_University_Lyon_1_logo.svg_-3-768x557.png 768w, https:\/\/machina.univ-lyon1.fr\/wp-content\/uploads\/2021\/01\/1200px-Claude_Bernard_University_Lyon_1_logo.svg_-3-685x497.png 685w, https:\/\/machina.univ-lyon1.fr\/wp-content\/uploads\/2021\/01\/1200px-Claude_Bernard_University_Lyon_1_logo.svg_-3.png 1200w\" sizes=\"(max-width: 300px) 100vw, 300px\" \/><\/a><\/figure><div class=\"wp-block-media-text__content\">\n<h2 class=\"has-text-align-left has-text-color\" style=\"color:#040833\"><a href=\"https:\/\/www.univ-lyon1.fr\/\"><span style=\"color:#1f1e56;\" class=\"has-inline-color\">UCBL<\/span><\/a><\/h2>\n\n\n\n<p class=\"has-text-align-left\" style=\"font-size:16px\"><em>Lyon, <\/em><em style=\"font-style:italic;\">France<\/em><\/p>\n\n\n\n<p>L\u2019Universit\u00e9 Claude Bernard Lyon 1 est un \u00e9tablissement qui compte 45&nbsp;000 \u00e9tudiants par an dans les domaines de la science et de la technologie, de la sant\u00e9 et du sport.<\/p>\n\n\n\n<p>Claude Bernard Lyon 1 fait partie de l\u2019Universit\u00e9 de Lyon, site universitaire le plus important de France en dehors de la r\u00e9gion parisienne. <\/p>\n\n\n\n<p>Le d\u00e9partement informatique de Lyon 1 est coordinateur de ce projet et leader acad\u00e9mique en France dans le domaine d\u2019apprentissage automatique.<\/p>\n\n\n\n<p><strong>Contact<\/strong>: Parisa Ghodous, <a href=\"mailto:parisa.ghodous-shariat-torbaghan@univ-lyon1.fr\">parisa.ghodous-shariat-torbaghan@univ-lyon1.fr<\/a><\/p>\n<\/div><\/div>\n\n\n\n<div style=\"height:32px\" aria-hidden=\"true\" class=\"wp-block-spacer\"><\/div>\n\n\n\n<hr class=\"wp-block-separator is-style-dots\"\/>\n\n\n\n<div class=\"wp-block-media-text alignwide has-media-on-the-right is-stacked-on-mobile\" style=\"grid-template-columns:auto 30%\"><figure class=\"wp-block-media-text__media\"><a href=\"https:\/\/exelia.gr\/\"><img loading=\"lazy\" width=\"300\" height=\"97\" src=\"https:\/\/machina.univ-lyon1.fr\/wordpress\/wp-content\/uploads\/2021\/01\/EXELIA_LOGO_new-2-300x97.jpg\" alt=\"\" class=\"wp-image-765 size-medium\" srcset=\"https:\/\/machina.univ-lyon1.fr\/wp-content\/uploads\/2021\/01\/EXELIA_LOGO_new-2-300x97.jpg 300w, https:\/\/machina.univ-lyon1.fr\/wp-content\/uploads\/2021\/01\/EXELIA_LOGO_new-2.jpg 448w\" sizes=\"(max-width: 300px) 100vw, 300px\" \/><\/a><\/figure><div class=\"wp-block-media-text__content\">\n<h2 class=\"has-text-align-left has-text-color\" style=\"color:#040833\"><a href=\"https:\/\/exelia.gr\/\"><span style=\"color:#1f1e56;\" class=\"has-inline-color\">EXELIA<\/span><\/a><\/h2>\n\n\n\n<p class=\"has-text-align-left\" style=\"font-size:16px\"><em><em>Ath\u00e8nes, Gr\u00e8ce<\/em><\/em><\/p>\n\n\n\n<p>La principale force d\u2019EXELIA est son \u00e9quipe interdisciplinaire de chercheurs, d\u2019analystes, de gestionnaires de projets et d\u2019experts financiers et de communication.<\/p>\n\n\n\n<p>EXELIA d\u00e9veloppe et d\u00e9ploie des approches innovantes pour la recherche, la coop\u00e9ration interr\u00e9gionale et la formation. La soci\u00e9t\u00e9 coordonne et r\u00e9dige des propositions de recherche financ\u00e9es par l\u2019UE, et d\u00e9veloppe les r\u00e9sultats de ces recherches et les prototypes en produits et services innovants pour ses clients. <\/p>\n\n\n\n<p>La th\u00e9matique d\u2019EXELIA est ax\u00e9e sur le conseil en mati\u00e8re de politiques publiques dans des domaines tels que l\u2019\u00e9conomie, les politiques relatives au changement climatique, la transition \u00e9nerg\u00e9tique, etc.<\/p>\n\n\n\n<p><strong>Contact<\/strong>: Mr. Dionysios Solomos, <a rel=\"noreferrer noopener\" href=\"mailto:solomos@exelia.gr\" target=\"_blank\">solomos@exelia.gr<\/a><\/p>\n<\/div><\/div>\n\n\n\n<div style=\"height:32px\" aria-hidden=\"true\" class=\"wp-block-spacer\"><\/div>\n\n\n\n<hr class=\"wp-block-separator is-style-dots\"\/>\n\n\n\n<div class=\"wp-block-media-text alignwide is-stacked-on-mobile\" style=\"grid-template-columns:30% auto\"><figure class=\"wp-block-media-text__media\"><a href=\"https:\/\/www.geeksacademy.it\/en-en\/index.aspx\"><img loading=\"lazy\" width=\"300\" height=\"65\" src=\"https:\/\/machina.univ-lyon1.fr\/wordpress\/wp-content\/uploads\/2021\/01\/ACADEMA-2-300x65.png\" alt=\"\" class=\"wp-image-761 size-medium\" srcset=\"https:\/\/machina.univ-lyon1.fr\/wp-content\/uploads\/2021\/01\/ACADEMA-2-300x65.png 300w, https:\/\/machina.univ-lyon1.fr\/wp-content\/uploads\/2021\/01\/ACADEMA-2.png 358w\" sizes=\"(max-width: 300px) 100vw, 300px\" \/><\/a><\/figure><div class=\"wp-block-media-text__content\">\n<h2 class=\"has-text-align-left has-text-color\" style=\"color:#040833\"><a href=\"https:\/\/www.geeksacademy.it\/en-en\/index.aspx\"><span style=\"color:#1f1e56;\" class=\"has-inline-color\">ACADEMY<\/span><\/a><\/h2>\n\n\n\n<p class=\"has-text-align-left\" style=\"font-size:16px\"><em><em>Rome, <em>Italie<\/em><\/em><\/em><\/p>\n\n\n\n<p>Geeks Academy a \u00e9t\u00e9 cr\u00e9\u00e9 pour combler le d\u00e9ficit de comp\u00e9tences qui ne cesse de s\u2019\u00e9largir et la p\u00e9nurie de profils professionnels dans les domaines de la cybers\u00e9curit\u00e9, de codage informatique, de jeux, blockchain, de la science des donn\u00e9es et de l\u2019intelligence artificielle.<\/p>\n\n\n\n<p>Ce projet a pour but de former des talents num\u00e9riques et les pr\u00e9parer \u00e0 un march\u00e9 du travail de plus en plus dynamique et comp\u00e9titif. Geeks Academy a une vision globale et profond\u00e9ment humaine du secteur\u00a0: nous souhaitons cr\u00e9er une communaut\u00e9 mondiale de geeks d\u00e9termin\u00e9s \u00e0 faire de leur passion un m\u00e9tier, de leur talent un travail.<\/p>\n\n\n\n<p><strong>Contact<\/strong>: Dr. Antonio Venece, <a href=\"mailto:a.venece@geeksacademy.it\">a.venece@geeksacademy.it<\/a><\/p>\n<\/div><\/div>\n\n\n\n<div style=\"height:32px\" aria-hidden=\"true\" class=\"wp-block-spacer\"><\/div>\n\n\n\n<hr class=\"wp-block-separator is-style-dots\"\/>\n\n\n\n<div class=\"wp-block-media-text alignwide has-media-on-the-right is-stacked-on-mobile\" style=\"grid-template-columns:auto 30%\"><figure class=\"wp-block-media-text__media\"><a href=\"https:\/\/www.edu.ro\/ANC\"><img loading=\"lazy\" width=\"300\" height=\"143\" src=\"https:\/\/machina.univ-lyon1.fr\/wordpress\/wp-content\/uploads\/2021\/01\/anc-2-300x143.png\" alt=\"\" class=\"wp-image-767 size-medium\" srcset=\"https:\/\/machina.univ-lyon1.fr\/wp-content\/uploads\/2021\/01\/anc-2-300x143.png 300w, https:\/\/machina.univ-lyon1.fr\/wp-content\/uploads\/2021\/01\/anc-2.png 316w\" sizes=\"(max-width: 300px) 100vw, 300px\" \/><\/a><\/figure><div class=\"wp-block-media-text__content\">\n<h2 class=\"has-text-align-left has-text-color\" style=\"color:#040833\"><a href=\"https:\/\/www.edu.ro\/ANC\"><span style=\"color:#1f1e56;\" class=\"has-inline-color\">ANC<\/span><\/a><\/h2>\n\n\n\n<p class=\"has-text-align-left\" style=\"font-size:16px\"><em><em>Bucharest, Roumanie<\/em><\/em><\/p>\n\n\n\n<p>ANC est le point de coordination national pour le CEC (Cadre Europ\u00e9en de Certification), le point de contact pour l\u2019ESCO (European Skills and Competence Portal), le centre national Europass et le service de soutien national pour EPALE (Electronic Platform for Adult Learning in Europe). <\/p>\n\n\n\n<p>L\u2019ANC g\u00e8re le Registre national des qualifications (RNC) et harmonise les r\u00e9glementations europ\u00e9ennes et nationales dans le domaine des qualifications et de leur reconnaissance pour accro\u00eetre la mobilit\u00e9 de la main d\u2019\u0153uvre nationale sur le march\u00e9 europ\u00e9en, conform\u00e9ment au Trait\u00e9 d\u2019adh\u00e9sion \u00e0 l\u2019Union.<\/p>\n\n\n\n<p><strong>Contact<\/strong>: Mr. Catalin Silvestru, <a rel=\"noreferrer noopener\" href=\"mailto:catalin@ase.ro\" target=\"_blank\">catalin@ase.ro<\/a><\/p>\n<\/div><\/div>\n\n\n\n<div style=\"height:32px\" aria-hidden=\"true\" class=\"wp-block-spacer\"><\/div>\n\n\n\n<hr class=\"wp-block-separator is-style-dots\"\/>\n\n\n\n<div class=\"wp-block-media-text alignwide is-stacked-on-mobile\" style=\"grid-template-columns:30% auto\"><figure class=\"wp-block-media-text__media\"><a href=\"https:\/\/www.l3s.de\/en\"><img loading=\"lazy\" width=\"300\" height=\"282\" src=\"https:\/\/machina.univ-lyon1.fr\/wordpress\/wp-content\/uploads\/2021\/01\/L3S_Logo-3-300x282.png\" alt=\"\" class=\"wp-image-951 size-medium\" srcset=\"https:\/\/machina.univ-lyon1.fr\/wp-content\/uploads\/2021\/01\/L3S_Logo-3-300x282.png 300w, https:\/\/machina.univ-lyon1.fr\/wp-content\/uploads\/2021\/01\/L3S_Logo-3.png 450w\" sizes=\"(max-width: 300px) 100vw, 300px\" \/><\/a><\/figure><div class=\"wp-block-media-text__content\">\n<h2 class=\"has-text-align-left has-text-color\" style=\"color:#040833\"><a href=\"https:\/\/www.l3s.de\/en\"><span style=\"color:#1f1e56;\" class=\"has-inline-color\">L3S<\/span><\/a><\/h2>\n\n\n\n<p class=\"has-text-align-left\" style=\"font-size:16px\"><em><em>Hanovre, Allemagne<\/em><\/em><\/p>\n\n\n\n<p>L3S est un centre de recherche qui s\u2019occupe de recherche fondamentale et appliqu\u00e9e dans le domaine de la transformation num\u00e9rique, de la science des donn\u00e9es et du web. Les chercheurs de LS3 d\u00e9veloppent des m\u00e9thodes et des technologies de l\u2019information innovantes pour des syst\u00e8mes intelligents, fiables et responsables, qui contribuent \u00e0 une transformation num\u00e9rique aboutie et \u00e0 une innovation durable. Le transfert de connaissances dans les domaines de l\u2019\u00e9conomie, de la politique et de la soci\u00e9t\u00e9 est un \u00e9l\u00e9ment central des activit\u00e9s du L3S. <\/p>\n\n\n\n<p>L3S se concentre \u00e9galement sur les effets du changement num\u00e9rique afin d\u2019en tirer des options d\u2019action, des recommandations et des strat\u00e9gies d\u2019innovation pour les entreprises, la politique et la soci\u00e9t\u00e9. Par la recherche, le d\u00e9veloppement et le conseil, L3S et ses partenaires contribuent \u00e0 la transformation num\u00e9rique, en particulier dans les domaines de la mobilit\u00e9, de la sant\u00e9, de la production et de l\u2019\u00e9ducation.<\/p>\n\n\n\n<p><strong>Contact<\/strong>: Dr. Sergej Zerr, <a href=\"mailto:szerr@l3s.de\">szerr@l3s.de<\/a><\/p>\n<\/div><\/div>\n\n\n\n<div style=\"height:80px\" aria-hidden=\"true\" class=\"wp-block-spacer desktop-only\"><\/div>\n\n\n\n<p><\/p>\n","protected":false},"excerpt":{"rendered":"<p>UCBL Lyon, France L\u2019Universit\u00e9 Claude Bernard Lyon 1 est un \u00e9tablissement qui compte 45&nbsp;000 \u00e9tudiants par an dans les domaines de la science et de la technologie, de la sant\u00e9 et du sport. Claude Bernard Lyon 1 fait partie de l\u2019Universit\u00e9 de Lyon, site universitaire le plus important de France en dehors de la r\u00e9gion &hellip; <a href=\"https:\/\/machina.univ-lyon1.fr\/index.php\/fr\/partnership-fr\/\" class=\"more-link\">Continue reading <span class=\"screen-reader-text\">Partenariat<\/span><\/a><\/p>\n","protected":false},"author":5,"featured_media":0,"parent":0,"menu_order":0,"comment_status":"closed","ping_status":"closed","template":"","meta":{"_monsterinsights_skip_tracking":false,"_monsterinsights_sitenote_active":false,"_monsterinsights_sitenote_note":"","_monsterinsights_sitenote_category":0,"spay_email":""},"_links":{"self":[{"href":"https:\/\/machina.univ-lyon1.fr\/index.php\/wp-json\/wp\/v2\/pages\/420"}],"collection":[{"href":"https:\/\/machina.univ-lyon1.fr\/index.php\/wp-json\/wp\/v2\/pages"}],"about":[{"href":"https:\/\/machina.univ-lyon1.fr\/index.php\/wp-json\/wp\/v2\/types\/page"}],"author":[{"embeddable":true,"href":"https:\/\/machina.univ-lyon1.fr\/index.php\/wp-json\/wp\/v2\/users\/5"}],"replies":[{"embeddable":true,"href":"https:\/\/machina.univ-lyon1.fr\/index.php\/wp-json\/wp\/v2\/comments?post=420"}],"version-history":[{"count":5,"href":"https:\/\/machina.univ-lyon1.fr\/index.php\/wp-json\/wp\/v2\/pages\/420\/revisions"}],"predecessor-version":[{"id":1015,"href":"https:\/\/machina.univ-lyon1.fr\/index.php\/wp-json\/wp\/v2\/pages\/420\/revisions\/1015"}],"wp:attachment":[{"href":"https:\/\/machina.univ-lyon1.fr\/index.php\/wp-json\/wp\/v2\/media?parent=420"}],"curies":[{"name":"wp","href":"https:\/\/api.w.org\/{rel}","templated":true}]}}