{"id":422,"date":"2020-12-07T15:33:43","date_gmt":"2020-12-07T14:33:43","guid":{"rendered":"https:\/\/machina.l3s.uni-hannover.de\/?page_id=422"},"modified":"2021-01-28T15:20:49","modified_gmt":"2021-01-28T14:20:49","slug":"partnership-ro","status":"publish","type":"page","link":"https:\/\/machina.univ-lyon1.fr\/index.php\/ro\/partnership-ro\/","title":{"rendered":"Parteneriat"},"content":{"rendered":"\n<div style=\"height:80px\" aria-hidden=\"true\" class=\"wp-block-spacer desktop-only\"><\/div>\n\n\n\n<div class=\"wp-block-media-text alignwide is-stacked-on-mobile is-vertically-aligned-center\" style=\"grid-template-columns:30% auto\"><figure class=\"wp-block-media-text__media\"><a href=\"https:\/\/www.univ-lyon1.fr\/\"><img loading=\"lazy\" width=\"300\" height=\"218\" src=\"https:\/\/machina.univ-lyon1.fr\/wordpress\/wp-content\/uploads\/2021\/01\/1200px-Claude_Bernard_University_Lyon_1_logo.svg_-1-300x218.png\" alt=\"\" class=\"wp-image-935 size-medium\" srcset=\"https:\/\/machina.univ-lyon1.fr\/wp-content\/uploads\/2021\/01\/1200px-Claude_Bernard_University_Lyon_1_logo.svg_-1-300x218.png 300w, https:\/\/machina.univ-lyon1.fr\/wp-content\/uploads\/2021\/01\/1200px-Claude_Bernard_University_Lyon_1_logo.svg_-1-1024x743.png 1024w, https:\/\/machina.univ-lyon1.fr\/wp-content\/uploads\/2021\/01\/1200px-Claude_Bernard_University_Lyon_1_logo.svg_-1-768x557.png 768w, https:\/\/machina.univ-lyon1.fr\/wp-content\/uploads\/2021\/01\/1200px-Claude_Bernard_University_Lyon_1_logo.svg_-1-685x497.png 685w, https:\/\/machina.univ-lyon1.fr\/wp-content\/uploads\/2021\/01\/1200px-Claude_Bernard_University_Lyon_1_logo.svg_-1.png 1200w\" sizes=\"(max-width: 300px) 100vw, 300px\" \/><\/a><\/figure><div class=\"wp-block-media-text__content\">\n<h2 class=\"has-text-align-left has-text-color\" style=\"color:#040833\"><a href=\"https:\/\/www.univ-lyon1.fr\/\"><span style=\"color:#1f1e56;\" class=\"has-inline-color\">UCBL<\/span><\/a><\/h2>\n\n\n\n<p class=\"has-text-align-left\" style=\"font-size:16px\"><em><em>Lyon, Fran\u021ba<\/em><\/em><\/p>\n\n\n\n<p>Claude Bernard Lyon 1 este o universitate care ofer\u0103 servicii educa\u021bionale pentru 45.000 de studen\u021bi pe an \u00een domeniile \u0219tiin\u021bei \u0219i tehnologiei, s\u0103n\u0103t\u0103\u021bii \u0219i sportului.<\/p>\n\n\n\n<p>Claude Bernard Lyon 1 face parte din Universitatea din Lyon, cel mai important complex universitar francez din afara regiunii Paris.<\/p>\n\n\n\n<p><strong>Contact: <\/strong>Parisa Ghodous, <a href=\"mailto:parisa.ghodous-shariat-torbaghan@univ-lyon1.fr\">parisa.ghodous-shariat-torbaghan@univ-lyon1.fr<\/a><\/p>\n<\/div><\/div>\n\n\n\n<div style=\"height:32px\" aria-hidden=\"true\" class=\"wp-block-spacer\"><\/div>\n\n\n\n<hr class=\"wp-block-separator is-style-dots\"\/>\n\n\n\n<div class=\"wp-block-media-text alignwide has-media-on-the-right is-stacked-on-mobile\" style=\"grid-template-columns:auto 30%\"><figure class=\"wp-block-media-text__media\"><a href=\"https:\/\/exelia.gr\/\"><img loading=\"lazy\" width=\"300\" height=\"97\" src=\"https:\/\/machina.univ-lyon1.fr\/wordpress\/wp-content\/uploads\/2021\/01\/EXELIA_LOGO_new-4-300x97.jpg\" alt=\"\" class=\"wp-image-799 size-medium\" srcset=\"https:\/\/machina.univ-lyon1.fr\/wp-content\/uploads\/2021\/01\/EXELIA_LOGO_new-4-300x97.jpg 300w, https:\/\/machina.univ-lyon1.fr\/wp-content\/uploads\/2021\/01\/EXELIA_LOGO_new-4.jpg 448w\" sizes=\"(max-width: 300px) 100vw, 300px\" \/><\/a><\/figure><div class=\"wp-block-media-text__content\">\n<h2 class=\"has-text-align-left has-text-color\" style=\"color:#040833\"><a href=\"https:\/\/exelia.gr\/\"><span style=\"color:#1f1e56;\" class=\"has-inline-color\">EXELIA<\/span><\/a><\/h2>\n\n\n\n<p class=\"has-text-align-left\" style=\"font-size:16px\"><em><em>Atena, Grecia<\/em><\/em><\/p>\n\n\n\n<p>Punctul forte al EXELIA este echipa sa interdisciplinar\u0103 de cercet\u0103tori, anali\u0219ti, manageri de proiect, exper\u021bi financiari \u0219i de comunicare.<\/p>\n\n\n\n<p>EXELIA dezvolt\u0103 \u0219i implementeaz\u0103 abord\u0103ri inovatoare pentru cercetare, cooperare interregional\u0103 \u0219i formare. Compania coordoneaz\u0103 \u0219i elaboreaz\u0103 propuneri de proiecte de cercetare finan\u021bate de UE \u0219i dezvolt\u0103 \u00een continuare rezultatele cercet\u0103rii \u0219i prototipuri \u00een produse \u0219i servicii inovatoare pentru clien\u021bii s\u0103i. <\/p>\n\n\n\n<p>Accentul tematic al EXELIA este \u00een domeniul consultan\u021bei \u00een domeniul politicilor publice \u00een domenii precum economia circular\u0103, politicile privind schimb\u0103rile climatice, tranzi\u021bia energetic\u0103 etc.<\/p>\n\n\n\n<p><strong>Contact<\/strong>: Mr. Dionysios Solomos, <a rel=\"noreferrer noopener\" href=\"mailto:solomos@exelia.gr\" target=\"_blank\">solomos@exelia.gr<\/a><\/p>\n<\/div><\/div>\n\n\n\n<div style=\"height:32px\" aria-hidden=\"true\" class=\"wp-block-spacer\"><\/div>\n\n\n\n<hr class=\"wp-block-separator is-style-dots\"\/>\n\n\n\n<div class=\"wp-block-media-text alignwide is-stacked-on-mobile\" style=\"grid-template-columns:30% auto\"><figure class=\"wp-block-media-text__media\"><a href=\"https:\/\/www.geeksacademy.it\/en-en\/index.aspx\"><img loading=\"lazy\" width=\"300\" height=\"65\" src=\"https:\/\/machina.univ-lyon1.fr\/wordpress\/wp-content\/uploads\/2021\/01\/ACADEMA-4-300x65.png\" alt=\"\" class=\"wp-image-795 size-medium\" srcset=\"https:\/\/machina.univ-lyon1.fr\/wp-content\/uploads\/2021\/01\/ACADEMA-4-300x65.png 300w, https:\/\/machina.univ-lyon1.fr\/wp-content\/uploads\/2021\/01\/ACADEMA-4.png 358w\" sizes=\"(max-width: 300px) 100vw, 300px\" \/><\/a><\/figure><div class=\"wp-block-media-text__content\">\n<h2 class=\"has-text-align-left has-text-color\" style=\"color:#040833\"><a href=\"https:\/\/www.geeksacademy.it\/en-en\/index.aspx\"><span style=\"color:#1f1e56;\" class=\"has-inline-color\">ACADEMY<\/span><\/a><\/h2>\n\n\n\n<p class=\"has-text-align-left\" style=\"font-size:16px\"><em><em>Rom<em>a, Italia<\/em><\/em><\/em><\/p>\n\n\n\n<p>Geeks Academy a fost \u00eenfiin\u021bat\u0103 pentru a acoperi decalajul de competen\u021be din ce \u00een ce mai mare \u0219i, prin urmare, lipsa de profiluri profesionale \u00een domeniile securit\u0103\u021bii cibernetice, cod\u0103rii computerelor, jocurilor, blockchain, \u0219tiin\u021bei datelor, inteligen\u021bei artificiale. <\/p>\n\n\n\n<p>Aceasta \u00ee\u0219i propune s\u0103 formeze speciali\u0219tii din sectorul digital \u0219i s\u0103-I preg\u0103teasc\u0103 pentru a se angaja pe o pia\u021b\u0103 a muncii din ce \u00een ce mai dinamic\u0103 \u0219i competitiv\u0103. Viziunea este larg\u0103 \u0219i profund uman\u0103: vrem s\u0103 cre\u0103m o comunitate global\u0103 de absolven\u021bi Geeks hot\u0103r\u00e2\u021bi s\u0103 transforme pasiunea lor \u00eentr-o profesie, talentul lor \u00eentr-un loc de munc\u0103.<\/p>\n\n\n\n<p><strong>Contact<\/strong>: Dr. Antonio Venece, <a href=\"mailto:a.venece@geeksacademy.it\">a.venece@geeksacademy.it<\/a><\/p>\n<\/div><\/div>\n\n\n\n<div style=\"height:32px\" aria-hidden=\"true\" class=\"wp-block-spacer\"><\/div>\n\n\n\n<hr class=\"wp-block-separator is-style-dots\"\/>\n\n\n\n<div class=\"wp-block-media-text alignwide has-media-on-the-right is-stacked-on-mobile\" style=\"grid-template-columns:auto 30%\"><figure class=\"wp-block-media-text__media\"><a href=\"https:\/\/www.edu.ro\/ANC\"><img loading=\"lazy\" width=\"300\" height=\"143\" src=\"https:\/\/machina.univ-lyon1.fr\/wordpress\/wp-content\/uploads\/2021\/01\/anc-4-300x143.png\" alt=\"\" class=\"wp-image-801 size-medium\" srcset=\"https:\/\/machina.univ-lyon1.fr\/wp-content\/uploads\/2021\/01\/anc-4-300x143.png 300w, https:\/\/machina.univ-lyon1.fr\/wp-content\/uploads\/2021\/01\/anc-4.png 316w\" sizes=\"(max-width: 300px) 100vw, 300px\" \/><\/a><\/figure><div class=\"wp-block-media-text__content\">\n<h2 class=\"has-text-align-left has-text-color\" style=\"color:#040833\"><a href=\"https:\/\/www.edu.ro\/ANC\"><span style=\"color:#1f1e56;\" class=\"has-inline-color\">ANC<\/span><\/a><\/h2>\n\n\n\n<p class=\"has-text-align-left\" style=\"font-size:16px\"><em><em>Bucure\u0219ti, Rom\u00e2nia<\/em><\/em><\/p>\n\n\n\n<p>ANC ac\u021bioneaz\u0103 ca punct na\u021bional de coordonare pentru EQF (Cadrul European de Calificare), punct de contact pentru ESCO (portalul European de abilit\u0103\u021bi \u0219i competen\u021be), Centru na\u021bional Europass \u0219i Serviciu na\u021bional de sprijin pentru EPALE (Platforma electronic\u0103 pentru \u00eenv\u0103\u021barea adul\u021bilor \u00een Europa). <\/p>\n\n\n\n<p>ANC gestioneaz\u0103 Registrul na\u021bional al calific\u0103rilor (RNC) \u0219i armonizeaz\u0103 reglement\u0103rile europene \u0219i na\u021bionale \u00een domeniul calific\u0103rilor \u0219i recunoa\u0219terea acestora pentru cre\u0219terea mobilit\u0103\u021bii for\u021bei de munc\u0103 na\u021bionale pe pia\u021ba european\u0103, conform Tratatului de aderare la Uniunea European\u0103.<\/p>\n\n\n\n<p><strong>Contact<\/strong>: Mr. Catalin Silvestru, <a rel=\"noreferrer noopener\" href=\"mailto:catalin@ase.ro\" target=\"_blank\">catalin@ase.ro<\/a><\/p>\n<\/div><\/div>\n\n\n\n<div style=\"height:32px\" aria-hidden=\"true\" class=\"wp-block-spacer\"><\/div>\n\n\n\n<hr class=\"wp-block-separator is-style-dots\"\/>\n\n\n\n<div class=\"wp-block-media-text alignwide is-stacked-on-mobile\" style=\"grid-template-columns:30% auto\"><figure class=\"wp-block-media-text__media\"><a href=\"https:\/\/www.l3s.de\/en\"><img loading=\"lazy\" width=\"300\" height=\"282\" src=\"https:\/\/machina.univ-lyon1.fr\/wordpress\/wp-content\/uploads\/2021\/01\/L3S_Logo-1-300x282.png\" alt=\"\" class=\"wp-image-933 size-medium\" srcset=\"https:\/\/machina.univ-lyon1.fr\/wp-content\/uploads\/2021\/01\/L3S_Logo-1-300x282.png 300w, https:\/\/machina.univ-lyon1.fr\/wp-content\/uploads\/2021\/01\/L3S_Logo-1.png 450w\" sizes=\"(max-width: 300px) 100vw, 300px\" \/><\/a><\/figure><div class=\"wp-block-media-text__content\">\n<h2 class=\"has-text-align-left has-text-color\" style=\"color:#040833\"><a href=\"https:\/\/www.l3s.de\/en\"><span style=\"color:#1f1e56;\" class=\"has-inline-color\">L3S<\/span><\/a><\/h2>\n\n\n\n<p class=\"has-text-align-left\" style=\"font-size:16px\"><em><em>Hanovra, Germania<\/em><\/em><\/p>\n\n\n\n<p>L3S este un centru de cercetare pentru cercetarea de baz\u0103 \u0219i aplicat\u0103 \u00een domeniul transform\u0103rii digitale \u0219i al \u0219tiin\u021bei datelor \u0219i web. Cercet\u0103torii L3S dezvolt\u0103 metode inovatoare \u0219i tehnologii informa\u021bionale pentru sisteme inteligente, fiabile \u0219i responsabile care contribuie la transformarea digital\u0103 de succes \u0219i la inova\u021bia durabil\u0103. Transferul de cuno\u0219tin\u021be \u00een economie, politic\u0103 \u0219i societate este o component\u0103 central\u0103 a activit\u0103\u021bilor L3S. <\/p>\n\n\n\n<p>L3S se concentreaz\u0103, de asemenea, pe efectele schimb\u0103rii digitale pentru a ob\u021bine op\u021biuni de ac\u021biune, recomand\u0103ri \u0219i strategii de inovare pentru afaceri, politic\u0103 \u0219i societate din concluzii. Prin cercetare, dezvoltare \u0219i consultan\u021b\u0103, L3S \u0219i partenerii s\u0103i contribuie la transformarea digital\u0103, \u00een special \u00een domeniile mobilit\u0103\u021bii, s\u0103n\u0103t\u0103\u021bii, produc\u021biei \u0219i educa\u021biei.<\/p>\n\n\n\n<p><strong>Contact<\/strong>: Dr. Sergej Zerr, <a href=\"mailto:szerr@l3s.de\">szerr@l3s.de<\/a><\/p>\n<\/div><\/div>\n\n\n\n<div style=\"height:80px\" aria-hidden=\"true\" class=\"wp-block-spacer desktop-only\"><\/div>\n\n\n\n<p><\/p>\n","protected":false},"excerpt":{"rendered":"<p>UCBL Lyon, Fran\u021ba Claude Bernard Lyon 1 este o universitate care ofer\u0103 servicii educa\u021bionale pentru 45.000 de studen\u021bi pe an \u00een domeniile \u0219tiin\u021bei \u0219i tehnologiei, s\u0103n\u0103t\u0103\u021bii \u0219i sportului. Claude Bernard Lyon 1 face parte din Universitatea din Lyon, cel mai important complex universitar francez din afara regiunii Paris. Contact: Parisa Ghodous, parisa.ghodous-shariat-torbaghan@univ-lyon1.fr EXELIA Atena, Grecia &hellip; <a href=\"https:\/\/machina.univ-lyon1.fr\/index.php\/ro\/partnership-ro\/\" class=\"more-link\">Continue reading <span class=\"screen-reader-text\">Parteneriat<\/span><\/a><\/p>\n","protected":false},"author":5,"featured_media":0,"parent":0,"menu_order":0,"comment_status":"closed","ping_status":"closed","template":"","meta":{"_monsterinsights_skip_tracking":false,"_monsterinsights_sitenote_active":false,"_monsterinsights_sitenote_note":"","_monsterinsights_sitenote_category":0,"spay_email":""},"_links":{"self":[{"href":"https:\/\/machina.univ-lyon1.fr\/index.php\/wp-json\/wp\/v2\/pages\/422"}],"collection":[{"href":"https:\/\/machina.univ-lyon1.fr\/index.php\/wp-json\/wp\/v2\/pages"}],"about":[{"href":"https:\/\/machina.univ-lyon1.fr\/index.php\/wp-json\/wp\/v2\/types\/page"}],"author":[{"embeddable":true,"href":"https:\/\/machina.univ-lyon1.fr\/index.php\/wp-json\/wp\/v2\/users\/5"}],"replies":[{"embeddable":true,"href":"https:\/\/machina.univ-lyon1.fr\/index.php\/wp-json\/wp\/v2\/comments?post=422"}],"version-history":[{"count":9,"href":"https:\/\/machina.univ-lyon1.fr\/index.php\/wp-json\/wp\/v2\/pages\/422\/revisions"}],"predecessor-version":[{"id":1021,"href":"https:\/\/machina.univ-lyon1.fr\/index.php\/wp-json\/wp\/v2\/pages\/422\/revisions\/1021"}],"wp:attachment":[{"href":"https:\/\/machina.univ-lyon1.fr\/index.php\/wp-json\/wp\/v2\/media?parent=422"}],"curies":[{"name":"wp","href":"https:\/\/api.w.org\/{rel}","templated":true}]}}