{"id":598,"date":"2020-12-20T22:50:37","date_gmt":"2020-12-20T21:50:37","guid":{"rendered":"https:\/\/machina.l3s.uni-hannover.de\/?page_id=598"},"modified":"2020-12-20T23:16:55","modified_gmt":"2020-12-20T22:16:55","slug":"auftaktsitzung-29-30-september-2020","status":"publish","type":"page","link":"https:\/\/machina.univ-lyon1.fr\/index.php\/de\/auftaktsitzung-29-30-september-2020\/","title":{"rendered":"Auftaktsitzung, 29.-30. September 2020"},"content":{"rendered":"\n<p id=\"block-92bedb2c-91b8-4037-a9d6-664f6d5abef1\">Im September 2020 wurde das erste Projekttreffen online abgehalten, um \u00fcber den Projektplan zu diskutieren und sicherzustellen, dass alle Partner ein gemeinsames Verst\u00e4ndnis des Projekts und ihrer Rollen im Projekt haben. Dar\u00fcber hinaus wurde die gemeinsame Vision des Ausbildungskurses hervorgehoben, die Hauptaktivit\u00e4ten vereinbart und weitere Aufgaben aufgeteilt. Auch die Verfahren f\u00fcr Projektmanagement und Berichterstattung, die Budgetzuweisung und der Zeitplan des Projekts wurden eingehend er\u00f6rtert.<\/p>\n\n\n\n<p id=\"block-f14c15bd-8172-4a8e-b2a8-c1c111d051b4\">Das n\u00e4chste Partnertreffen wird im M\u00e4rz 2021 in Hannover, Deutschland stattfinden.<\/p>\n\n\n\n<div class=\"wp-block-jetpack-slideshow aligncenter\" data-effect=\"slide\"><div class=\"wp-block-jetpack-slideshow_container swiper-container\"><ul class=\"wp-block-jetpack-slideshow_swiper-wrapper swiper-wrapper\"><li class=\"wp-block-jetpack-slideshow_slide swiper-slide\"><figure><img loading=\"lazy\" width=\"1024\" height=\"536\" alt=\"\" class=\"wp-block-jetpack-slideshow_image wp-image-282\" data-id=\"282\" src=\"https:\/\/machina.l3s.uni-hannover.de\/wp-content\/uploads\/2020\/11\/MACHINA_KOM_pic1-1024x536.png\" srcset=\"https:\/\/machina.univ-lyon1.fr\/wp-content\/uploads\/2020\/11\/MACHINA_KOM_pic1-1024x536.png 1024w, https:\/\/machina.univ-lyon1.fr\/wp-content\/uploads\/2020\/11\/MACHINA_KOM_pic1-300x157.png 300w, https:\/\/machina.univ-lyon1.fr\/wp-content\/uploads\/2020\/11\/MACHINA_KOM_pic1-768x402.png 768w, https:\/\/machina.univ-lyon1.fr\/wp-content\/uploads\/2020\/11\/MACHINA_KOM_pic1-1536x803.png 1536w, https:\/\/machina.univ-lyon1.fr\/wp-content\/uploads\/2020\/11\/MACHINA_KOM_pic1-2048x1071.png 2048w, https:\/\/machina.univ-lyon1.fr\/wp-content\/uploads\/2020\/11\/MACHINA_KOM_pic1-685x358.png 685w, https:\/\/machina.univ-lyon1.fr\/wp-content\/uploads\/2020\/11\/MACHINA_KOM_pic1-2000x1046.png 2000w\" sizes=\"(max-width: 1024px) 100vw, 1024px\" \/><\/figure><\/li><li class=\"wp-block-jetpack-slideshow_slide swiper-slide\"><figure><img loading=\"lazy\" width=\"1024\" height=\"600\" alt=\"\" class=\"wp-block-jetpack-slideshow_image wp-image-279\" data-id=\"279\" src=\"https:\/\/machina.l3s.uni-hannover.de\/wp-content\/uploads\/2020\/11\/MACHINA_KOM_pic4-1024x600.png\" srcset=\"https:\/\/machina.univ-lyon1.fr\/wp-content\/uploads\/2020\/11\/MACHINA_KOM_pic4-1024x600.png 1024w, https:\/\/machina.univ-lyon1.fr\/wp-content\/uploads\/2020\/11\/MACHINA_KOM_pic4-300x176.png 300w, https:\/\/machina.univ-lyon1.fr\/wp-content\/uploads\/2020\/11\/MACHINA_KOM_pic4-768x450.png 768w, https:\/\/machina.univ-lyon1.fr\/wp-content\/uploads\/2020\/11\/MACHINA_KOM_pic4-1536x900.png 1536w, https:\/\/machina.univ-lyon1.fr\/wp-content\/uploads\/2020\/11\/MACHINA_KOM_pic4-2048x1200.png 2048w, https:\/\/machina.univ-lyon1.fr\/wp-content\/uploads\/2020\/11\/MACHINA_KOM_pic4-685x401.png 685w, https:\/\/machina.univ-lyon1.fr\/wp-content\/uploads\/2020\/11\/MACHINA_KOM_pic4-2000x1172.png 2000w\" sizes=\"(max-width: 1024px) 100vw, 1024px\" \/><\/figure><\/li><li class=\"wp-block-jetpack-slideshow_slide swiper-slide\"><figure><img loading=\"lazy\" width=\"1024\" height=\"614\" alt=\"\" class=\"wp-block-jetpack-slideshow_image wp-image-277\" data-id=\"277\" src=\"https:\/\/machina.l3s.uni-hannover.de\/wp-content\/uploads\/2020\/11\/MACHINA_KOM_pic6-1024x614.jpg\" srcset=\"https:\/\/machina.univ-lyon1.fr\/wp-content\/uploads\/2020\/11\/MACHINA_KOM_pic6-1024x614.jpg 1024w, https:\/\/machina.univ-lyon1.fr\/wp-content\/uploads\/2020\/11\/MACHINA_KOM_pic6-300x180.jpg 300w, https:\/\/machina.univ-lyon1.fr\/wp-content\/uploads\/2020\/11\/MACHINA_KOM_pic6-768x461.jpg 768w, https:\/\/machina.univ-lyon1.fr\/wp-content\/uploads\/2020\/11\/MACHINA_KOM_pic6-1536x921.jpg 1536w, https:\/\/machina.univ-lyon1.fr\/wp-content\/uploads\/2020\/11\/MACHINA_KOM_pic6-2048x1228.jpg 2048w, https:\/\/machina.univ-lyon1.fr\/wp-content\/uploads\/2020\/11\/MACHINA_KOM_pic6-685x411.jpg 685w, https:\/\/machina.univ-lyon1.fr\/wp-content\/uploads\/2020\/11\/MACHINA_KOM_pic6-2000x1200.jpg 2000w\" sizes=\"(max-width: 1024px) 100vw, 1024px\" \/><\/figure><\/li><\/ul><a class=\"wp-block-jetpack-slideshow_button-prev swiper-button-prev swiper-button-white\" role=\"button\"><\/a><a class=\"wp-block-jetpack-slideshow_button-next swiper-button-next swiper-button-white\" role=\"button\"><\/a><a aria-label=\"Pause Slideshow\" class=\"wp-block-jetpack-slideshow_button-pause\" role=\"button\"><\/a><div class=\"wp-block-jetpack-slideshow_pagination swiper-pagination swiper-pagination-white\"><\/div><\/div><\/div>\n\n\n\n<p><\/p>\n","protected":false},"excerpt":{"rendered":"<p>Im September 2020 wurde das erste Projekttreffen online abgehalten, um \u00fcber den Projektplan zu diskutieren und sicherzustellen, dass alle Partner ein gemeinsames Verst\u00e4ndnis des Projekts und ihrer Rollen im Projekt haben. Dar\u00fcber hinaus wurde die gemeinsame Vision des Ausbildungskurses hervorgehoben, die Hauptaktivit\u00e4ten vereinbart und weitere Aufgaben aufgeteilt. Auch die Verfahren f\u00fcr Projektmanagement und Berichterstattung, die &hellip; <a href=\"https:\/\/machina.univ-lyon1.fr\/index.php\/de\/auftaktsitzung-29-30-september-2020\/\" class=\"more-link\">Continue reading <span class=\"screen-reader-text\">Auftaktsitzung, 29.-30. September 2020<\/span><\/a><\/p>\n","protected":false},"author":5,"featured_media":0,"parent":0,"menu_order":0,"comment_status":"closed","ping_status":"closed","template":"","meta":{"_monsterinsights_skip_tracking":false,"_monsterinsights_sitenote_active":false,"_monsterinsights_sitenote_note":"","_monsterinsights_sitenote_category":0,"spay_email":""},"_links":{"self":[{"href":"https:\/\/machina.univ-lyon1.fr\/index.php\/wp-json\/wp\/v2\/pages\/598"}],"collection":[{"href":"https:\/\/machina.univ-lyon1.fr\/index.php\/wp-json\/wp\/v2\/pages"}],"about":[{"href":"https:\/\/machina.univ-lyon1.fr\/index.php\/wp-json\/wp\/v2\/types\/page"}],"author":[{"embeddable":true,"href":"https:\/\/machina.univ-lyon1.fr\/index.php\/wp-json\/wp\/v2\/users\/5"}],"replies":[{"embeddable":true,"href":"https:\/\/machina.univ-lyon1.fr\/index.php\/wp-json\/wp\/v2\/comments?post=598"}],"version-history":[{"count":1,"href":"https:\/\/machina.univ-lyon1.fr\/index.php\/wp-json\/wp\/v2\/pages\/598\/revisions"}],"predecessor-version":[{"id":599,"href":"https:\/\/machina.univ-lyon1.fr\/index.php\/wp-json\/wp\/v2\/pages\/598\/revisions\/599"}],"wp:attachment":[{"href":"https:\/\/machina.univ-lyon1.fr\/index.php\/wp-json\/wp\/v2\/media?parent=598"}],"curies":[{"name":"wp","href":"https:\/\/api.w.org\/{rel}","templated":true}]}}